{"id":94,"date":"2023-10-23T11:40:54","date_gmt":"2023-10-23T11:40:54","guid":{"rendered":"https:\/\/www.mt-studio.hr\/?page_id=94"},"modified":"2023-10-23T11:49:51","modified_gmt":"2023-10-23T11:49:51","slug":"uvjeti-koristenja","status":"publish","type":"page","link":"https:\/\/www.mt-studio.hr\/index.php\/kontakt\/uvjeti-koristenja\/","title":{"rendered":"Uvjeti kori\u0161tenja"},"content":{"rendered":"\n<p>Prije kori\u0161tenja web stranice www.mt-studio.hr korisnici su se du\u017eni upoznati s uvjetima kori\u0161tenja web stranice.<\/p>\n\n\n\n<p>Informacije na ovoj stranici predstavljaju osobne misli, stavove i ideje autora teksta, ujedno vlasnika tvrtke MT Studio d.o.o. Tvrtka MT Studio d.o.o., odnosno njezin vlasnik i osniva\u010d ne odgovara ni na koji na\u010din za bilo kakvu \u0161tetu nastalu kori\u0161tenjem informacija s ove stranice. Informacije predstavljene na ovoj stranici prikupljene su s velikom pa\u017enjom i \u017eeljom da se korisnicima pru\u017ee relevantne informacije i izvori, te da ih se potakne na samostalno istra\u017eivanje vezano uz teme bliske autoru.<\/p>\n\n\n\n<p>Vezano uz sadr\u017eaj teksta na stranici svakako se upoznajte i sa stranicom <a href=\"https:\/\/www.mt-studio.hr\/index.php\/kontakt\/odricanje-od-odgovornosti\/\">Odricanje od odgovornosti<\/a>, koja je dio ovih Uvjeta kori\u0161tenja.<\/p>\n\n\n\n<p>Pristupom i kori\u0161tenjem ove stranice bez ograni\u010denja i pogovora prihva\u0107ate Uvjete kori\u0161tenja ove stranice.<\/p>\n\n\n\n<p><strong>Autorsko pravo<\/strong><\/p>\n\n\n\n<p>Sadr\u017eaj stranice www.mt-studio.hr za\u0161ti\u0107en je autorskim pravom. Tekstovi na stranici vlasni\u0161tvo su tvrtke MT Studio d.o.o. i njezinog osniva\u010da. Tekst se ne smije koristiti ni na koji na\u010din, naro\u010dito ne kao referenca ili osnovica za bilo kakve savjete u vezi lije\u010denja, na\u010dina prehrane i na\u010dina \u017eivota.<\/p>\n\n\n\n<p>Slike na stranici su ili iz vlastitih izvora ili sa stranica koje su izri\u010dito navedene kao besplatni izvori slika i nisu za\u0161ti\u0107ene autorskim pravom.&nbsp;<\/p>\n\n\n\n<p><strong>Vanjske poveznice<\/strong><\/p>\n\n\n\n<p>Tekstovi na web stranici www.mt-studio.hr sadr\u017ee poveznice na druge internetske stranice koje ure\u0111uju tre\u0107i i \u010diji sadr\u017eaj nije poznat tvrtki MT Studio. MT Studio ne preuzima nikakvu odgovornost u pogledu njihovog sadr\u017eaja. Izri\u010dito se ogra\u0111ujem od svakog sadr\u017eaja na internetskim stranicama tre\u0107ih za koje postoje poveznice na ovoj internetskoj stranici. Osobito ne preuzimam nikakvu odgovornost za kr\u0161enja zakonskih odredbi ili kr\u0161enja prava tre\u0107ih do kojih dolazi na tim stranicama. Za kori\u0161tenje tih stranica obavezno pro\u010ditajte njihove uvjete kori\u0161tenja.<\/p>\n\n\n\n<p><strong>Promjene Uvjeta kori\u0161tenja<\/strong><\/p>\n\n\n\n<p>MT Studio zadr\u017eava pravo u bilo kojem trenutku izmijeniti ili dopuniti Uvjete kori\u0161tenja. Promjene stupaju na snagu danom objave na web stranici. Nastavak pristupanja web stranici ili kori\u0161tenja bilo kojeg dijela njezinog sadr\u017eaja smatrat \u0107e se pristankom na izmijenjene ili dopunjene uvjete kori\u0161tenja. MT Studio savjetuje periodi\u010dno provjeravanje uvjeta kori\u0161tenja radi upoznavanja s eventualnim promjenama.<\/p>\n\n\n\n<p>MT Studio zadr\u017eava pravo u bilo kojem trenutku i bez prethodne najave izmijeniti, dopuniti ili ukinuti bilo koji dio svog poslovanja, \u0161to uklju\u010duje i web stranicu, odnosno bilo koji njezin dio, servise, podstranice ili usluge koje se putem njih pru\u017eaju. Predmetno pravo uklju\u010duje, ali se ne ograni\u010dava na promjenu vremena dostupnosti, promjenu sadr\u017eaja, dostupnost novih podataka, promjenu na\u010dina prijenosa, kao i prava na pristup ili kori\u0161tenje web stranicom.<\/p>\n\n\n\n<p>Du\u017enost i obaveza korisnika je koristiti web stranicu u skladu s pozitivnim propisima te op\u0107im moralnim i eti\u010dkim na\u010delima. MT Studio ima pravo u svakom trenutku vr\u0161iti kontrolu sadr\u017eaja web stranice kako bi osigurao po\u0161tivanje uvjeta kori\u0161tenja i pozitivnih propisa.<\/p>\n\n\n\n<p>Izmjene uvjeta kori\u0161tenja va\u017ee\u0107e su odmah po objavi na web stranici www.mt-studio.hr. Datum aktualne i va\u017ee\u0107e verzije uvjeta kori\u0161tenja naveden je na dnu ove stranice.<\/p>\n\n\n\n<p>Datum objave: 16.12.2021.<\/p>\n","protected":false},"excerpt":{"rendered":"<p>Prije kori\u0161tenja web stranice www.mt-studio.hr korisnici su se du\u017eni upoznati s uvjetima kori\u0161tenja web stranice. Informacije na ovoj stranici predstavljaju osobne misli, stavove i ideje autora teksta, ujedno vlasnika tvrtke MT Studio&#8230;<\/p>\n","protected":false},"author":1,"featured_media":0,"parent":91,"menu_order":0,"comment_status":"closed","ping_status":"closed","template":"","meta":{"footnotes":""},"_links":{"self":[{"href":"https:\/\/www.mt-studio.hr\/index.php\/wp-json\/wp\/v2\/pages\/94"}],"collection":[{"href":"https:\/\/www.mt-studio.hr\/index.php\/wp-json\/wp\/v2\/pages"}],"about":[{"href":"https:\/\/www.mt-studio.hr\/index.php\/wp-json\/wp\/v2\/types\/page"}],"author":[{"embeddable":true,"href":"https:\/\/www.mt-studio.hr\/index.php\/wp-json\/wp\/v2\/users\/1"}],"replies":[{"embeddable":true,"href":"https:\/\/www.mt-studio.hr\/index.php\/wp-json\/wp\/v2\/comments?post=94"}],"version-history":[{"count":2,"href":"https:\/\/www.mt-studio.hr\/index.php\/wp-json\/wp\/v2\/pages\/94\/revisions"}],"predecessor-version":[{"id":103,"href":"https:\/\/www.mt-studio.hr\/index.php\/wp-json\/wp\/v2\/pages\/94\/revisions\/103"}],"up":[{"embeddable":true,"href":"https:\/\/www.mt-studio.hr\/index.php\/wp-json\/wp\/v2\/pages\/91"}],"wp:attachment":[{"href":"https:\/\/www.mt-studio.hr\/index.php\/wp-json\/wp\/v2\/media?parent=94"}],"curies":[{"name":"wp","href":"https:\/\/api.w.org\/{rel}","templated":true}]}}